
Calculate the greatest common factor of 7366 and 580.
58
What is the highest common divisor of 35 and 222845?
35
Calculate the greatest common divisor of 28 and 9491.
1
What is the highest common factor of 14724 and 10225?
409
What is the highest common divisor of 4336 and 3344?
16
Calculate the greatest common divisor of 2415 and 465.
15
Calculate the greatest common factor of 181225 and 825.
275
What is the highest common factor of 9648 and 319188?
804
What is the highest common factor of 315 and 837585?
315
What is the greatest common factor of 60116 and 684?
76
Calculate the greatest common factor of 1856 and 841.
29
Calculate the highest common factor of 49 and 173684.
7
What is the highest common factor of 3354 and 2838?
258
What is the highest common factor of 89569 and 2752?
43
Calculate the highest common factor of 460568 and 24.
8
Calculate the highest common divisor of 1279342 and 2.
2
What is the greatest common divisor of 882 and 1165122?
882
Calculate the highest common factor of 9020 and 4136.
44
What is the highest common divisor of 498 and 6594?
6
What is the highest common divisor of 3486 and 39?
3
Calculate the greatest common factor of 129080 and 3640.
280
Calculate the highest common factor of 385 and 21615.
55
What is the highest common divisor of 195 and 9399?
39
What is the greatest common divisor of 803820 and 120?
60
What is the greatest common divisor of 4074 and 294?
42
Calculate the highest common factor of 30510 and 3780.
270
Calculate the highest common factor of 51372 and 12.
12
Calculate the greatest common factor of 1653 and 29241.
57
What is the highest common divisor of 59253 and 3?
3
Calculate the greatest common factor of 1026 and 1458.
54
What is the highest common divisor of 35 and 6895?
35
What is the greatest common divisor of 392380 and 299?
23
What is the greatest common factor of 14328 and 288?
72
What is the greatest common divisor of 116475 and 375?
75
Calculate the greatest common factor of 41 and 1314255.
41
What is the highest common divisor of 5772 and 5550?
222
Calculate the greatest common divisor of 1414 and 170387.
707
Calculate the greatest common divisor of 3952 and 114.
38
What is the highest common divisor of 2261870 and 585?
65
What is the highest common divisor of 49 and 577213?
7
What is the highest common divisor of 428 and 454429?
107
Calculate the highest common factor of 41099 and 146.
73
What is the greatest common factor of 1104 and 149104?
16
Calculate the greatest common divisor of 10561 and 30251.
179
Calculate the greatest common divisor of 257414 and 1206.
134
What is the highest common factor of 397050 and 300?
150
Calculate the greatest common factor of 96200 and 425.
25
What is the highest common factor of 9312 and 115104?
96
What is the highest common divisor of 1498 and 77?
7
What is the greatest common factor of 7725 and 3998460?
1545
What is the greatest common factor of 2205 and 1081920?
735
Calculate the highest common factor of 5973 and 15411.
33
Calculate the greatest common divisor of 8275 and 75.
25
Calculate the greatest common divisor of 25 and 12994150.
25
What is the greatest common divisor of 2230 and 610?
10
Calculate the highest common factor of 896 and 1006208.
896
What is the greatest common divisor of 86712 and 24?
24
What is the highest common factor of 40 and 4405?
5
Calculate the highest common divisor of 56805 and 15.
15
What is the highest common factor of 133130 and 40?
10
Calculate the highest common divisor of 1070931 and 3.
3
What is the greatest common factor of 102 and 135626?
34
What is the highest common divisor of 4446 and 931?
19
What is the highest common factor of 143 and 20501?
13
What is the highest common factor of 176 and 121?
11
Calculate the greatest common divisor of 23625 and 313250.
875
What is the highest common factor of 157997 and 7?
7
Calculate the highest common factor of 420 and 2355570.
210
What is the greatest common divisor of 163980 and 156?
12
Calculate the highest common divisor of 15582 and 54.
6
Calculate the highest common factor of 131373 and 90.
9
Calculate the greatest common divisor of 4485 and 7107.
69
Calculate the highest common factor of 5 and 312670.
5
Calculate the highest common factor of 136576 and 1584.
176
What is the greatest common divisor of 185346 and 48?
6
Calculate the highest common divisor of 178 and 12371.
89
Calculate the highest common divisor of 22232 and 68.
4
Calculate the highest common divisor of 1881203 and 82.
41
Calculate the highest common factor of 7380 and 3485.
205
Calculate the greatest common divisor of 6636 and 2100.
84
What is the highest common divisor of 2124 and 36?
36
What is the highest common factor of 1804 and 4756?
164
What is the highest common factor of 1494119 and 11?
11
What is the highest common factor of 83798 and 572?
286
What is the greatest common divisor of 13986 and 11507?
37
Calculate the greatest common divisor of 6 and 24114.
6
What is the greatest common divisor of 10800 and 592?
16
What is the greatest common divisor of 139 and 40171?
139
What is the greatest common divisor of 185 and 456617?
37
What is the greatest common factor of 800 and 770?
10
What is the greatest common divisor of 917846 and 2782?
214
Calculate the greatest common factor of 6937549 and 362.
181
What is the highest common factor of 98 and 34426?
14
Calculate the highest common divisor of 4732 and 25844.
364
Calculate the greatest common factor of 98 and 86786.
14
Calculate the greatest common factor of 63854 and 98.
14
Calculate the greatest common factor of 5391 and 54.
9
Calculate the highest common factor of 869 and 25043.
79
Calculate the greatest common factor of 4257047 and 69.
23
Calculate the greatest common divisor of 60760 and 8618.
62
What is the highest common factor of 369 and 19844?
41
What is the greatest common factor of 43173 and 1353?
123
Calculate the greatest common factor of 252 and 151592.
28
What is the highest common divisor of 56 and 315602?
14
What is the greatest common factor of 1019154 and 18?
6
What is the greatest common divisor of 2379 and 19947?
183
What is the highest common divisor of 334 and 435202?
334
Calculate the highest common divisor of 72898 and 28.
14
What is the highest common divisor of 1773 and 2709?
9
Calculate the greatest common divisor of 1127094 and 666.
222
What is the greatest common divisor of 239202 and 4384?
274
Calculate the greatest common factor of 67116 and 391.
17
Calculate the greatest common factor of 762 and 66802.
254
Calculate the highest common factor of 464 and 1085789.
29
Calculate the greatest common divisor of 217 and 122171.
217
Calculate the highest common factor of 312 and 1001208.
312
What is the highest common factor of 111 and 259999?
37
Calculate the highest common factor of 143250 and 80250.
750
What is the highest common divisor of 149 and 1587893?
149
What is the highest common factor of 14274 and 312?
78
Calculate the greatest common factor of 3614112 and 3738.
534
What is the greatest common factor of 2132892 and 174?
174
Calculate the greatest common factor of 165 and 182985.
165
Calculate the greatest common factor of 5332 and 209281.
1333
What is the greatest common divisor of 446940 and 3?
3
What is the greatest common factor of 46570 and 10?
10
What is the greatest common divisor of 108 and 4184892?
108
Calculate the highest common factor of 19 and 3824.
1
What is the highest common divisor of 141 and 2222489?
47
What is the greatest common divisor of 676874 and 242?
242
Calculate the greatest common divisor of 247465 and 215.
215
Calculate the greatest common factor of 115 and 1076308.
23
What is the greatest common divisor of 168 and 11340?
84
Calculate the highest common divisor of 26 and 41951.
13
What is the highest common divisor of 95290 and 530?
10
Calculate the highest common divisor of 493165 and 265.
265
Calculate the greatest common factor of 1742 and 1898.
26
Calculate the highest common factor of 72 and 55072.
8
Calculate the greatest common factor of 98 and 6363.
7
What is the highest common divisor of 1609130 and 37?
37
Calculate the highest common divisor of 1 and 1298617.
1
Calculate the greatest common divisor of 272 and 9872.
16
What is the highest common divis